et r = -5 + v. Suppose l + 0*l = r. What are the prime factors of l?
2, 3
Let h(s) = -s**3 - 3*s**2 + 5*s + 6. Let m be h(-4). Suppose 4*j - 103 = -u, -m*u + 0*j = j - 185. What are the prime factors of u?
7, 13
Let r(l) = l**3 + 9*l**2 - 25*l + 30. What are the prime factors of r(-9)?
3, 5, 17
Suppose 6*k - 5*z - 740 = k, k + 3*z = 128. Let m = k - 78. What are the prime factors of m?
5, 13
Let z(k) = 2*k**2 + 21*k - 36. Let y be z(-12). Let h = -125 + 85. Let f = y - h. What are the prime factors of f?
2, 5
Let m(o) = 7*o**3 - 14*o**2 - 8. Let c(x) = -20*x**3 + 41*x**2 + 23. Let j(h) = 6*c(h) + 17*m(h). Let u = 74 - 66. List the prime factors of j(u).
2
Let r(c) = -2*c**2 - 46*c + 11. Let s be r(-21). Let b = s + -47. List the prime factors of b.
2, 3
Let m be (9/3)/9*3. Suppose -j = m - 4, r = 5*j + 169. List the prime factors of r.
2, 23
Suppose -2*i + 78 = -4*z - 16, -z - 5*i = 18. Let g = z + 35. Suppose -g = -2*b - b. What are the prime factors of b?
2
Suppose 3*a = -2*x + 2596, 19*x + 2*a = 15*x + 5192. What are the prime factors of x?
2, 11, 59
Let z be (-3)/(-6) + 27/2. Suppose 3*n = 5*n - z. List the prime factors of n.
7
Let l(h) = -h**3 + 12*h**2 + h - 9. Let x be l(12). Suppose x*p - 57 = -21. What are the prime factors of 1*(-92)/p*-3?
23
Let j(p) = -p**3 - p**2 - p - 2. Let t be j(-2). Suppose -164 = -3*d - y, t*d - y - y - 212 = 0. List the prime factors of d.
2, 3
Let f be (6 + -92)/(1/(-2)). Suppose -4*m + f = -156. Suppose k - 4*c - m = -2*k, 4*k - 80 = -2*c. List the prime factors of k.
2, 11
Let f be 1 + (-88)/(-1 - 3). Suppose 3*b - 163 - f = 0. List the prime factors of b.
2, 31
Suppose 16 = -5*z + 3*y, -3*z = -2*z - 5*y - 10. Let d(o) = -o**3 - 5*o**2 + 9*o + 11. Let l be d(-5). Let q = z - l. What are the prime factors of q?
29
What are the prime factors of ((2/(-2))/1)/((-18)/4932)?
2, 137
Suppose 2*d = -2*d + 72. Suppose -16*m = -d*m + 80. What are the prime factors of m?
2, 5
Let h = -18 - 21. List the prime factors of -1 + -2 - (0 - 3) - h.
3, 13
Suppose 7350 = -27*y + 27897. List the prime factors of y.
761
Let u(g) = g**3 + 4*g**2 - 8*g - 4. Let i be u(-6). Let n = i + 34. What are the prime factors of n?
2, 3
Suppose -2*m = -t + 344, -m = -2*t + 218 - 52. List the prime factors of m/((-2)/(-1 + 2)).
3, 29
Let r = -13 + 13. Suppose 3*l + r*l = 6. Suppose -5*s + l*f + 11 + 115 = 0, 0 = 5*s - 5*f - 135. List the prime factors of s.
2, 3
Let z(g) = -g**2 - 16*g + 21. Let o be z(-17). Let a = -4 + o. Suppose 3*k + 3*d - 123 = a, 4*k - 2*d = -d + 174. What are the prime factors of k?
43
Let j = 166 + -143. List the prime factors of j.
23
Let z = -24 + 29. Suppose 3*f - 26 = z*b, 2*b = -6 - 2. Suppose 0 = -f*p + 43 - 9. List the prime factors of p.
17
Suppose 0 = 2*t - 9*t + 511. Let q = 89 - t. List the prime factors of q.
2
Let c(y) = -y**3 + 2*y**2 - y + 7. Let w be c(-3). List the prime factors of w/1 - (-2 - -5).
2, 13
Let r(l) = 7*l - 9. Let f be r(3). What are the prime factors of 92/f*(11 + -2)?
3, 23
Suppose 0*j = j + 4. Let v(c) = -c**3 + 2*c**2 + c + 2. Let p be v(j). Let m = 136 - p. What are the prime factors of m?
2, 3, 7
Suppose 0 = -15*b + 13*b + 18. Suppose 0 = b*o - o - 96. List the prime factors of o.
2, 3
Let l(y) = 9*y**2 + 18*y - 159. What are the prime factors of l(11)?
2, 3, 47
Let w(x) = -3*x - 18. Let k be w(-6). Suppose 0 = 4*g - k*g - 344. What are the prime factors of g?
2, 43
Suppose 0 = 286*g - 298*g + 1452. List the prime factors of g.
11
Suppose 5*s = 7924 + 2996. What are the prime factors of s?
2, 3, 7, 13
Let z(i) = i + 3. Let n be z(-3). Let v(h) = -h**2 - 2*h + 15. What are the prime factors of v(n)?
3, 5
Suppose 74 = -5*k - 406. What are the prime factors of (23 - 18)*(1 - k/10)?
53
Suppose 4*f = 5*f + 2*f. Let s = 39 - 27. Let m = f + s. What are the prime factors of m?
2, 3
Let o be (-14)/3*528/(-77). Let w be (-228)/9 - 4/6. Let s = o + w. What are the prime factors of s?
2, 3
Suppose -4*t = 5*a - 7, 2*t + 16 = a + 3*a. Suppose -a*b - 2*b + 215 = 0. What are the prime factors of b?
43
List the prime factors of 6/4*(30792/(-9))/(-4).
1283
List the prime factors of 2 + (-100)/45 + (-1604)/(-9).
2, 89
Suppose 4*x - 71 + 3 = -4*m, 4*m = -2*x + 24. Suppose 4*w = 6 - x. Let o(i) = -2*i**3 - 6*i**2 - 2*i. List the prime factors of o(w).
2, 5
What are the prime factors of (-40 + -4)/((-10)/785)?
2, 11, 157
Let j = -247 - -359. Let n = j + -72. List the prime factors of n.
2, 5
Let w(h) = -h**2 - 4*h + 5. Let y be w(2). What are the prime factors of 48 + -3 - (y - -3)?
7
Let j be (-5)/35 - 82/14. Let w(o) = -6*o**2 + 4*o - 10. Let l be w(j). What are the prime factors of l/(-15) - 8/(-6)?
2, 3
Suppose -3*k = 4*q - 801, 3*k + 0*q + q - 792 = 0. Suppose 2*m - y - 104 = 35, -k = -4*m - y. Let w = m + -12. What are the prime factors of w?
5, 11
Suppose -3*h + 37 = -5*b + 235, 3*b + 5*h = 146. Suppose 2*x - o - b = 0, x - 5*x = 2*o - 68. List the prime factors of x.
19
Let y(g) = g + 5. Let i be y(0). Suppose 4*r = i*h + 1654, -2*r + 3*r = 2*h + 661. What are the prime factors of 1 + 3 - h/6?
59
Suppose s = -s - 5*k + 57, 5*s - 75 = k. Suppose 0 = b - 60 + s. What are the prime factors of b?
2, 11
Suppose -5*w = -2*i + 2251, 5*w + 6 = 7*w. What are the prime factors of i?
11, 103
Suppose 0 = x + 6 + 2. Let p be (-1122)/(-8) - (-2)/x. List the prime factors of (2/(-8))/((-7)/p).
5
Let a = -30 - -30. Suppose 3*c + 19 = 3*z - 26, -3*z + 5*c + 55 = a. What are the prime factors of z?
2, 5
Let n = -236 - -424. Let c(v) = -4*v**3 + v**2 + 2*v. Let l be c(-1). Suppose 3*k - n = 4*o, -2*k = -2*o - l*o - 137. What are the prime factors of k?
2, 7
Let m(z) = z**2. Let k(c) = -4*c**2 + 8*c - 1. Let w(d) = k(d) + 3*m(d). Let a be w(10). List the prime factors of (-130)/(-6) - 7/a.
2, 11
Let a(c) = -c**3 + 8*c**2 + 10*c - 3. Let g be a(9). Let i(q) = q**2 + 4 - q**2 - q**3 + 4*q**2 + 12*q. List the prime factors of i(g).
2
Let c be ((-4)/12)/(4/(-48)). Let q(w) = 40*w - 11. What are the prime factors of q(c)?
149
Let t(s) = s**3 - 18*s**2 - 68*s + 29. What are the prime factors of t(22)?
7, 67
Suppose 4*q = -2*z + 1798 + 15202, 0 = -q - 4*z + 4236. List the prime factors of q.
2, 1063
Suppose -26 = -4*m + 2*w, 4 + 21 = 5*w. Let h = 18 + m. List the prime factors of h.
3
Suppose -3*h + 5*f + 80 = 0, -5*f + 28 = 3. Let n = h - -79. What are the prime factors of n?
2, 3, 19
Let a(c) = c**3 + 6*c**2 + 8*c + 2. Let h be a(-4). Let k be 7*-2*(1 - -2). List the prime factors of (-3)/h*k/9.
7
Let l = -14 + 18. Let z be (6/l)/((-6)/(-440)). Suppose 8*i - 3*i = z. What are the prime factors of i?
2, 11
Let t(d) be the first derivative of d**3/3 - 9*d**2/2 + 5*d - 7. List the prime factors of t(13).
3, 19
Suppose -48 = -5*j - 5*n + 212, 152 = 3*j + 4*n. Suppose 2*z + 4*a = -j, -2*z - z = -a + 49. Let q = 50 + z. What are the prime factors of q?
2
Suppose -r + 12 = 3*t - 6*r, -3*r - 12 = -3*t. Suppose 5*p = -t*p + 513. What are the prime factors of p?
3, 19
Let w be ((-707)/(-14) - (-4 - 0))*2. Let j = w - 54. List the prime factors of j.
5, 11
Let s(z) = -z**2 + z + 10. Let j be s(3). List the prime factors of 36*j*(-20)/(-64).
3, 5
Suppose -6152 = -30*x - 1292. List the prime factors of x.
2, 3
Let a(n) = 2*n - 2. Let z be a(4). Let o be (-36)/27*z/(-4). Suppose q - 5*x = 51, 45 = -5*q - o*x + 165. What are the prime factors of q?
2, 13
Let j(n) = -2*n + 11. Let r be j(6). Let c be (-4 + 1)/(1/r). Suppose 121 - 298 = -c*a. What are the prime factors of a?
59
Let p = -9 - -17. Let u = 26 + p. Suppose -34 = -2*j - m, 2*j - 4*j = -3*m - u. What are the prime factors of j?
17
Let n(b) = -329*b + 137. List the prime factors of n(-6).
2111
Let r(k) = -3 + 0 - 25*k - 3 + 8. Let i be r(-1). Suppose i = 4*x + 2*a - 175, 3*x - 149 = -4*a. List the prime factors of x.
3, 17
Let v = 43 + -14. Suppose 3*l + 2*i + 18 - 57 = 0, 4*l - 5*i = v. List the prime factors of l.
11
Suppose 5*m - 4*i - 198 = 0, -5*i + 82 - 16 = 2*m. Let c = m + -62. Let h = 2 - c. What are the prime factors of h?
2, 13
Let s = -2 - -4. Suppose -2*o - 202 = -s*j, -3*j - 111 = -4*j - o. What are the prime factors of j?
2, 53
Let b(j) = -13*j**2 + j**2 + j**3 + 4*j**2 - 2*j**3 - 6 - 11*j. What are the prime factors of b(-8)?
2, 41
Let z(g) = -6*g**3 -